{"id":136,"date":"2020-04-10T08:40:40","date_gmt":"2020-04-10T08:40:40","guid":{"rendered":"http:\/\/wordpress.impact-plus.de\/?page_id=136"},"modified":"2021-01-23T10:53:41","modified_gmt":"2021-01-23T10:53:41","slug":"bisherige-auftraggeberinnen","status":"publish","type":"page","link":"http:\/\/wordpress.impact-plus.de\/?page_id=136","title":{"rendered":"Auftraggeber*innen"},"content":{"rendered":"<p>F\u00fcr folgende Auftraggeber*innen habe ich Beratungen, Trainings, Untersuchungen, Evaluierungen, Moderationen etc. durchgef\u00fchrt (in alphabetischer Reihenfolge):<\/p>\n<ul>\n<li>Andheri Hilfe, Bonn<\/li>\n<li>Arbeitsgemeinschaft deutscher Bildungstr\u00e4ger, Berlin<\/li>\n<li>Arbeitsgemeinschaft f\u00fcr Entwicklungshilfe e.V., K\u00f6ln (heute AGIAMONDO e.V.)<\/li>\n<li>Diakonische Werke in Bayern (N\u00fcrnberg) und Baden (Karlsruhe, Konstanz)<\/li>\n<li>Di\u00f6zesanverb\u00e4nde Mainz und Trier<\/li>\n<li>Deutscher Caritasverband e.V., Freiburg<\/li>\n<li>Eberhard-Karls-Universit\u00e4t, T\u00fcbingen, Universit\u00e4t Koblenz-Landau<\/li>\n<li>Europa-Zentrum Baden-W\u00fcrttemberg, Stuttgart<\/li>\n<li>Evangelische Akademie Bad Boll<\/li>\n<li>Evangelischer Entwicklungsdienst, Bonn (heute: Evang. Werk f\u00fcr Diakonie und Entwicklung, Berlin)<\/li>\n<li>Evangelische Hochschulen Darmstadt, Freiburg, Konstanz und Ludwigsburg<\/li>\n<li>Evangelische Frauenarbeit in Deutschland, Frankfurt<\/li>\n<li>Evangelische Landeskirchen Baden, Pfalz, W\u00fcrttemberg<\/li>\n<li>Evangelische Studierendengemeinden Stuttgart und Hamburg<\/li>\n<li>Fl\u00fcchtlingshilfe Mittelamerika e.V., K\u00f6ln<\/li>\n<li>Forum der Kulturen e.V., Stuttgart<\/li>\n<li>Gender-Institut Sachsen-Anhalt, Magdeburg<\/li>\n<li>InWEnt (heute Deutsche Gesellschaft f\u00fcr Internationale Zusammenarbeit (GIZ) GmbH), Bonn<\/li>\n<li>Internationaler Bund f\u00fcr Sozialarbeit, Konstanz<\/li>\n<li>Instituto Capaz_Instituto Colombo-Alem\u00e1n para la Paz, Gie\u00dfen\/ Bogot\u00e1<\/li>\n<li>Katholisches Bildungswerk, Leutkirch<\/li>\n<li>Katholische Bischofskonferenz, Aachen<\/li>\n<li>Katholischer Frauendienst Deutschlands, D\u00fcsseldorf<\/li>\n<li>KURVE Wustrow<\/li>\n<li>LandFrauenverband W\u00fcrttemberg-Baden, Stuttgart<\/li>\n<li>MISEREOR, Aachen<\/li>\n<li>Missio, Aachen<\/li>\n<li>Plan:g, Bregenz\/\u00d6sterreich<\/li>\n<li>Servicestelle Kommunen in der Einen Welt (heute eingegliedert in Engagement Global gGmbH), Bonn<\/li>\n<li>Sozialministerium Baden-W\u00fcrttemberg, Stuttgart<\/li>\n<li>Zahlreiche Stadtverwaltungen in Ost-und Westdeutschland<\/li>\n<li>Studienbegleitprogramm f\u00fcr Studierende aus Afrika, Asien, Lateinamerika, Stuttgart\/Berlin<\/li>\n<li>Terre des hommes, Osnabr\u00fcck<\/li>\n<li>Volkshochschulverband Baden-W\u00fcrttemberg, Stuttgart<\/li>\n<\/ul>\n","protected":false},"excerpt":{"rendered":"<p>F\u00fcr folgende Auftraggeber*innen habe ich Beratungen, Trainings, Untersuchungen, Evaluierungen, Moderationen etc. durchgef\u00fchrt (in alphabetischer Reihenfolge): Andheri Hilfe, Bonn Arbeitsgemeinschaft deutscher Bildungstr\u00e4ger, Berlin Arbeitsgemeinschaft f\u00fcr Entwicklungshilfe e.V., K\u00f6ln (heute AGIAMONDO e.V.) Diakonische Werke in Bayern (N\u00fcrnberg) und Baden (Karlsruhe, Konstanz) Di\u00f6zesanverb\u00e4nde Mainz und Trier Deutscher Caritasverband e.V., Freiburg Eberhard-Karls-Universit\u00e4t, T\u00fcbingen, Universit\u00e4t Koblenz-Landau Europa-Zentrum Baden-W\u00fcrttemberg, Stuttgart Evangelische &hellip;<\/p>\n<p class=\"read-more\"> <a class=\"\" href=\"http:\/\/wordpress.impact-plus.de\/?page_id=136\"> <span class=\"screen-reader-text\">Auftraggeber*innen<\/span> Weiterlesen &raquo;<\/a><\/p>\n","protected":false},"author":1,"featured_media":0,"parent":0,"menu_order":0,"comment_status":"closed","ping_status":"closed","template":"","meta":{"footnotes":""},"class_list":["post-136","page","type-page","status-publish","hentry"],"_links":{"self":[{"href":"http:\/\/wordpress.impact-plus.de\/index.php?rest_route=\/wp\/v2\/pages\/136","targetHints":{"allow":["GET"]}}],"collection":[{"href":"http:\/\/wordpress.impact-plus.de\/index.php?rest_route=\/wp\/v2\/pages"}],"about":[{"href":"http:\/\/wordpress.impact-plus.de\/index.php?rest_route=\/wp\/v2\/types\/page"}],"author":[{"embeddable":true,"href":"http:\/\/wordpress.impact-plus.de\/index.php?rest_route=\/wp\/v2\/users\/1"}],"replies":[{"embeddable":true,"href":"http:\/\/wordpress.impact-plus.de\/index.php?rest_route=%2Fwp%2Fv2%2Fcomments&post=136"}],"version-history":[{"count":5,"href":"http:\/\/wordpress.impact-plus.de\/index.php?rest_route=\/wp\/v2\/pages\/136\/revisions"}],"predecessor-version":[{"id":922,"href":"http:\/\/wordpress.impact-plus.de\/index.php?rest_route=\/wp\/v2\/pages\/136\/revisions\/922"}],"wp:attachment":[{"href":"http:\/\/wordpress.impact-plus.de\/index.php?rest_route=%2Fwp%2Fv2%2Fmedia&parent=136"}],"curies":[{"name":"wp","href":"https:\/\/api.w.org\/{rel}","templated":true}]}}